u**3 - 3*u - 7*u**2 + 5*u + 4*u**3. Let b be (8/(-17 + 1))/((-2)/564). Let a = 147 - b. Give k(a).
-27
Let h = -10 + 6. Let u(c) = -15*c**2 - 4. Let q(v) = -7*v**2 + v - 1. Suppose -4*k + 65 = 69. Let r(t) = k*u(t) + 2*q(t). Give r(h).
10
Let i be (-42)/(-18) + ((-8)/(-6))/2. Suppose 0 = -2*t - 5*h + 34, -40 = -6*t + 4*t - 2*h. Let x(y) = -23*y**2 - 1 - y + 3*y + t*y**2. Calculate x(i).
-4
Let v(g) = g**3 - g**2 - 2*g - 1. Suppose -15 = -20*l + 15*l. Suppose 0*h + 15 = -l*h + 3*p, 5*h + 1 = -3*p. Determine v(h).
-9
Let j(k) = 4*k - 50. Suppose 291*v + 167*v + 85*v = 5973. Determine j(v).
-6
Suppose -11 = 4*l - 5*l - 5*k, 5*k = 3*l + 27. Let v(u) = 11*u + 42. Let b(o) = -27*o - 100. Let c(y) = 5*b(y) + 12*v(y). What is c(l)?
16
Let m(a) = -a**2 + a + 21. Suppose -6 = -3*u - 4*y, 4*u + 5*y + 14 = 23. Give m(u).
-9
Let f(r) = -r**2 - r. Let m(w) = w**3 - 9*w**2 + 2*w - 11. Let x be m(9). Let c(k) = -3*k**2 + k**2 + 7*k + 3*k**2 - 2*k - x. Let j be c(-6). Calculate f(j).
0
Let s(q) = 3*q + 11. Let f be (((-560)/24)/(-5))/((-4)/(-6)). Let i(m) = 8*m + 23. Let b(j) = f*s(j) - 3*i(j). Determine b(8).
-16
Let b = 3487 - 3492. Let v(k) = -k**3 - 3*k**2 + 9*k - 9. What is v(b)?
-4
Let y(z) = 14248*z - 156733. Let a be y(11). Let p(x) be the third derivative of x**5/60 + 5*x**4/12 - x**3/3 + x**2. Give p(a).
-27
Let v be 7/4 - 3/(-12). Let k(d) = -d - d**2 + 2*d + 5 + v*d. Let x(j) = -j**3 - 17*j**2 - 62*j + 48. Let p be x(-11). Calculate k(p).
1
Let t(b) = b**2 + 9*b - 53. Let q be 9 + 1950/(-91) + 8/(-14). Calculate t(q).
-1
Let u(y) = -1321*y**2 + 2649*y**2 - 1327*y**2 + 6*y - 11. Calculate u(2).
5
Let y be 9 + (64/24 - 10). Let v(z) be the second derivative of -13*z + y*z**3 + 0 + 4*z**2 + 5/6*z**4 + 1/20*z**5. Determine v(-9).
-1
Let g(i) be the first derivative of 5*i**2/2 - 35*i - 2299. Calculate g(11).
20
Suppose -5*u + 10*u - 473 = -3*c, 3*c - u - 485 = 0. Let q(g) = 3*g - c + 322 - 162. Suppose -4*a - 4*i = -5*i - 13, 0 = a + 5*i - 19. Determine q(a).
11
Suppose 3*l + 2*h - 22 = -0, 5*h = -5*l + 45. Suppose -l*n - n + z - 251 = 0, -255 = 5*n - 5*z. Let m = n + 52. Let u(p) = -2*p**2 + p + 2. Give u(m).
-4
Let j(z) = z**3 + 14*z**2 + 7*z - 8. Let f be 3/2*(100/(-60) + -7 + 0). What is j(f)?
70
Let y(p) = -p**3 + 6*p**2 - 5*p + 3. Let c = 69 - 64. Suppose 3*l - 34 = -4*i - 145, c*i - 3*l = -132. Let u be (84/i + 3)*3*-12. What is y(u)?
15
Let j = 14591 + -14576. Let r(v) = -v**3 + 15*v**2 + 5*v + 8. Calculate r(j).
83
Suppose -15 = 3*v, -10*l - v = -5*l + 10. Let k(p) = p**2 + 2*p. Let u(g) = -4*g**2 - 3*g + 1. Let s(n) = l*k(n) - u(n). Calculate s(3).
29
Let d(f) = -14*f. Let k be (-132)/(-1) + (-8 - (4 - 9)). Let h be ((-6)/4)/(k/(-86)). Give d(h).
-14
Let c(b) = 2*b**2 + 22*b - 15. Let r(g) = -g**2 + 64*g - 306. Let h be r(59). Determine c(h).
-15
Suppose -20 = -6*z - 38. Let n(o) = -4*o**2 - 6*o + 7. Let i = -7 + 11. Let f(w) = -5*w**2 - 7*w + 6. Let u(l) = i*n(l) + z*f(l). What is u(-7)?
-18
Let v(h) = 14*h**2 + 5*h - 5. Let n = -6289 - -6291. Determine v(n).
61
Let u(y) be the second derivative of y**4/12 + 7*y**3/6 + 3*y**2 - 4699*y. What is u(-6)?
0
Let o(z) = z**3 - z**2 - 2*z + 4. Suppose 0 = 4*p + 22 + 70. Let f = 30 - p. Let u = -50 + f. Determine o(u).
16
Suppose -4*r + 6*r + 3*v = -57, 5*v - 97 = 2*r. Let p be r/24*(-4)/3. Let k(y) = -2753*y**3 + 11 - 2*y**2 - 5*y**p + 2754*y**3 - 4*y - 4*y. Determine k(8).
11
Let g(v) be the third derivative of v**5/60 - 7*v**4/12 + v**3/2 - 4*v**2 + 3*v - 44. Give g(11).
-30
Let f(h) = -1 + 851*h - 2545*h - 6*h**2 + 849*h + 842*h. Determine f(-2).
-19
Let q be (-33)/(-4) - (-1)/(-4). Suppose 0 = -4*d - 2*x + 22, 5*x - q = -3. Suppose -m = d*m - 12. Let o(c) = -c**3 + 5*c**2 - 2. Give o(m).
10
Let j(u) = 48 - 36 - 50*u + 108 + 69*u. Give j(-6).
6
Suppose 0 = 160*z - 180*z - 1080. Let l be (-1)/(2 - 198/98). Let h = l + z. Let d(g) = g**3 + 5*g**2 + 3*g + 7. Determine d(h).
-8
Let h(f) = 23*f + 349. Let w(d) = -22*d - 350. Let m(g) = -6*h(g) - 5*w(g). Let i be m(-12). Let c(b) = b**3 + 8*b**2 + b + 7. Give c(i).
-1
Suppose 24 = 1384*r - 1378*r. Let s(p) be the second derivative of 1/20*p**5 + 0 + 0*p**3 - 15*p + 7/2*p**2 - 5/12*p**r. Determine s(5).
7
Let k(b) be the second derivative of -13/2*b**2 + 13/6*b**3 - 240*b - 1/12*b**4 + 0. Calculate k(12).
-1
Let v(p) = p**3 + 9*p**2 - 8*p - 8. Let o(g) = g**2 - 166*g + 6864. Let i be o(87). What is v(i)?
64
Suppose -5*o - 33 = -4*j, 4*o - 4*j = 9*o + 17. Let l(r) be the first derivative of r**4/4 + 4*r**3/3 - 7*r - 53. What is l(o)?
-32
Let y(q) = 5*q**2 - 732 + 368 + 375 - 33*q. Let x(l) = 3*l**2 - 21*l + 7. Let d(h) = -8*x(h) + 5*y(h). Determine d(-4).
3
Let x(w) = -5*w**2 - w + 1. Let b(o) = 29*o**2 - o - 1. Let r(d) = -b(d) - 6*x(d). Let k be (-10 - 4)*2/4. Calculate r(k).
-5
Let y(s) = -3*s**3 + 10*s**2 + 4*s + 18. Suppose 0 = -4*j + 41 - 5. Let m(a) = -a**3 + 2*a**2 + a + 4. Let d(g) = j*m(g) - 2*y(g). Calculate d(-2).
14
Let y(u) = -2*u + 5. Let f be (-2*(1 - 2) - 3) + 3. Suppose -13 = -2*l + z, -f*z - 3*z = -4*l + 35. Calculate y(l).
-5
Let n be (-196)/(-21)*(-9)/(-12). Let k be (-4 + 6)/(4/18). Let h(b) = -2*b + k - 94*b**2 + 0*b**3 - 3 + 87*b**2 + b**3. Calculate h(n).
-8
Let w(r) = 3*r + 1. Let s(d) = 8*d + 3. Let x(m) = 3*s(m) - 7*w(m). Let t(k) = 4*k + 3. Let o(f) = 5*t(f) - 7*x(f). Calculate o(-7).
8
Let g(c) = -28*c - 176. Let h be g(-26). Let u = h - 540. Let q(o) = -o**2 + 11*o + 7. Determine q(u).
-5
Let t(k) = k - 26. Let r(q) = q - 18. Suppose -5*d + 8 = -4*n, 3*d - 6*d - 40 = 4*n. Let z(a) = n*r(a) + 5*t(a). Determine z(4).
-12
Let r(q) = 7*q + 0*q + q**2 + 4*q - 54 - 99. What is r(8)?
-1
Let u = -104 - -106. Let f(v) = 21*v - 5 - 4*v - 16*v - v**3 + 8*v**u. Determine f(8).
3
Let c = -24 + 26. Let a(u) be the third derivative of -u**7/840 + u**6/360 - u**4/24 + 23*u**3/6 - 5*u**2. Let b(t) be the first derivative of a(t). Give b(c).
-5
Let k be (24/(-15))/((-2)/10). Let s(v) = 3*v - v**3 - 8*v - 3 + 2*v**3 + 6*v**2 + k*v. Let f = -3674 + 3669. Determine s(f).
7
Let h(f) = -2*f + 8. Let o be h(6). Let i(v) be the first derivative of v**3/3 + v**2/2 + 3*v - 95921. What is i(o)?
15
Let x(n) = 5*n**3 - 2*n**2 - 2*n. Let b(h) = 12*h**3 - 5*h**2 - 5*h - 1. Let z = -181 - -176. Let t(a) = z*x(a) + 2*b(a). What is t(-2)?
6
Let q be -21*((-4352)/768 + -4*6/(-4)). Let n(w) = 2*w**2 + 20*w + 39. What is n(q)?
-3
Let p(j) = 21*j + 8. Let y be p(2). Let l(m) = 12 + 51*m - y*m - 9. Give l(-5).
-2
Let p(s) be the second derivative of s**4/12 + s**3/3 - 2*s**2 + 31*s - 3. Let o be (-7 + 8)/(2/(-8)) - 0. What is p(o)?
4
Let z = -404 + 406. Let l(r) = r**3 + 81 + 14*r**z + 0*r**3 - 77 + 13*r. Determine l(-13).
4
Suppose -5*w - 3*g = 44, -18*g = -2*w - 21*g - 14. Let o(h) = 2*h**2 + 20*h + 4. Give o(w).
4
Let w(y) = 4*y - 128. Suppose 15*g = -3237 + 3672. Calculate w(g).
-12
Let c(f) = -f**3 + 7*f**2 - 2*f + 10. Let j be (265/(-100) + 10/40)*5/(-3). Determine c(j).
50
Suppose -q = 5*w + 9, -w - 18 = 4*q + w. Let x(l) = 904 + l - 1809 + 906. Calculate x(q).
-3
Suppose -2*l + 5*m - 371 = 0, -5*l + 2*l - 545 = 4*m. Let w = -180 - l. Let j(z) = -2*z + 1. What is j(w)?
-5
Let b(f) = -5*f - 5. Let u(l) = l**3 - 11*l**2 + 33*l - 16. Let m be u(6). Give b(m).
-15
Let h(t) = t**3 + t**2. Let a(s) = 2*s**3 - 2*s + 2. Let u(i) = a(i) - 3*h(i). Let k be u(-2). Let w(r) = -3*r - 4*r + 6*r - 8*r**k + 1. What is w(1)?
-8
Let v(a) = -3*a**3 + 4*a**2 - a + 1. Let d = -88 + 85. Let b(z) = -4*z**3 + 4*z**2 - z. Let s(i) = d*v(i) + 2*b(i). Calculate s(4).
1
Let i = 4598 + -4599. Let w(v) = -10*v - 13*v + 6*v + 1. Calculate w(i).
18
Let b(s) = -90*s - 1076. Let y be b(-12). Let j(q) = -q + 1. Let h(g) = 2*g - 3 + 0 - 3. Let l(v) = -h(v) - 3*j(v). Determine l(y).
7
Let b be 2/((-1*2/4)/(-1)). Let d(f) = -b*f + 27 - 28 - 17*f. What is d(-1)?
20
Let w(m) be the second derivative of -m**7/630 + m**6/720 - m**5/120 + 37*m**4/3 + 32*m - 3. Let q(a) be the third derivative of w(a). Give q(1).
-4
Let z be 1/((-3)/63 - 10/105). Let t(b) = 3*b + 20. Let r(a) = 2*a + 15. Let h(n) = z*r(n) + 5*t(n). Calculate h(0).
-5
Suppose 0 = c, -4*o + 3*c + 24 = 8*c. Let u(h) = 3*h**3 - h - 3*h**3 - 2*h**3 + h**3 + 6 + 2 + 6*h**2. Calculate u(o).
2
Let x(a) = 99*a**2 + 46. Let m(p) = 89*p**